0 = n - 5*k - 17. Suppose 2522 = 3*f + 2*h, n*h - 6*h - 3356 = -4*f. Is (-13)/((-26)/f) + -1 a composite number?
False
Let z(u) be the second derivative of 7*u**4/12 + 8*u**3 + 31*u**2/2 + 37*u + 2. Is z(18) composite?
False
Let i(s) = -67*s**3 - 39*s**2 - 19*s - 99. Is i(-14) prime?
False
Is 797243/7 - (-1224)/(-1428) a prime number?
True
Let r(u) = -6432*u - 127. Is r(-18) prime?
False
Let s = 11 + -10. Let l(q) = 2594*q**3 - q + 2*q**2 - 3*q**2 - 516*q**3 + 2*q**2 + 657*q**3. Is l(s) a composite number?
True
Suppose 5*t = -t + 238567 + 20675. Is t a prime number?
True
Let w be 6/(-15) - (-189)/35. Suppose 16 = -4*h - 4*v, h = v + w - 1. Suppose h = -2*x + 14 + 160. Is x prime?
False
Let b be (-2 + 52/(-4))/(-3). Suppose -2*w + 1780 = -w + l, -b*w + 8888 = l. Is w composite?
False
Let k = 3920 + -1384. Let x = k + -545. Is x a prime number?
False
Suppose 30 = 2*j - 5*b + 3*b, j = 3*b + 23. Let l(p) = -2*p + 6. Let g be l(j). Let t(r) = 2*r**3 + 37*r**2 + 12*r - 19. Is t(g) a composite number?
False
Let y(a) = 167*a**2 - a - 3. Let x(o) = o. Let m(s) = 16. Let d(k) = -m(k) - x(k). Let n be d(-14). Is y(n) a composite number?
True
Suppose 4*y + 2 - 14 = 0, -2*y - 10 = -4*t. Suppose 2*k + 5*f = 4101, 0 = t*k - 8*k - 4*f + 8208. Is k composite?
False
Suppose -11*w = -0*w - 17193. Suppose 11*f - 2*l = 7*f + 6240, 0 = f - 2*l - w. Is f prime?
True
Let h be (-1 + 1)/(-1 - -2). Suppose -2*t - 150 - 2194 = h. Let z = t - -1993. Is z composite?
False
Let r(w) = 38*w**2 - 25*w + 181. Let g be r(-23). Let i = g - -3929. Is i prime?
False
Let c(x) = -3016*x**3 - 9*x**2 + 3*x + 1. Let q be c(5). Is ((-21)/18)/7 + q/(-42) a composite number?
True
Is (-6121767)/(-97)*18/9*2/12 a composite number?
True
Suppose 24*i + 47*i - 47*i - 1500792 = 0. Is i prime?
True
Suppose 14 = 4*x - 50. Let n = 7270 - 2071. Is n/2*x/24 a prime number?
True
Let j(t) = 12*t**2 - 10*t**2 + 1 - 3*t**2 + t - 3*t**3. Let o be j(-1). Suppose 3*n + 60 = 4*x - 41, 0 = -o*x - n + 53. Is x a prime number?
False
Let u be (-2)/(-4) - (-21)/2. Let h(z) = -z**3 - 2*z**2 + 24*z + 43. Let m be h(-3). Let t = u - m. Is t a composite number?
False
Let p = 4175 + -2646. Is p a prime number?
False
Suppose -67 = -k - 70. Let z(m) = 23*m**3 - 4*m**2 + m + 1. Let p be z(k). Let v = -406 - p. Is v composite?
True
Suppose 3*c = -0*c + 9. Is (-1 - c) + (-4 - -2) + 1549 prime?
True
Let s = -726026 - -1411253. Is s a composite number?
True
Let y = 20 - 42. Let m = -4 + y. Is ((-523)/(-2))/((-13)/m) a composite number?
False
Suppose -11*f = f - 168. Let g be 1719/27 - (f/(-6) + 2). Suppose -4 = -x, 2*x - 668 = -4*i - g. Is i composite?
False
Let z = -12165 - -18105. Suppose -21822 + z = -6*d. Is d a prime number?
True
Suppose 31*o = 35*o. Suppose s - 367 = -o*s. Is s a prime number?
True
Suppose -11*q + 268289 - 20338 = 0. Is q composite?
False
Let b(w) be the third derivative of -1/12*w**4 - 1/3*w**3 - 6*w**2 + 59/30*w**5 + 0 + 0*w. Is b(2) a composite number?
True
Suppose 4*i = 2*v - 137842, 3*i - 275750 = -0*v - 4*v. Is v prime?
False
Suppose 0 = 3*p + 18, 4*i - 874310 = -1343*p + 1346*p. Is i composite?
True
Let q be (6 + 10)*3/12. Suppose 3*k - 11371 = -q*w, 0 = -w + 4*k + 790 + 2029. Suppose -j + g + 955 = 0, w + 1966 = 5*j + 5*g. Is j a prime number?
False
Let p(h) = 12452*h**3 - 3*h**2 - h + 3. Let g(d) = -6*d + 109. Let t be g(18). Is p(t) a composite number?
False
Let b(d) = 64*d**2 + 9*d + 5. Let a be ((-6)/(6/(-2)))/((-4)/(-20)). Let n be (-3 - (-18)/a)*(-20)/(-8). Is b(n) composite?
True
Let x = -4441 + 27690. Is x composite?
True
Let o = 63072 + -19063. Is o prime?
False
Let t(k) = 303*k + 188. Let j be 4 + (-36)/9 + 3. Is t(j) composite?
False
Suppose 140*q - 273896 = -4*w + 138*q, 0 = 5*w - 4*q - 342357. Is w prime?
True
Let p = 298 + -300. Let o(d) = -256*d**3 + 5*d**2 + 7*d + 9. Is o(p) a composite number?
False
Let z(q) = 883*q + 154. Is z(9) prime?
True
Suppose f = 5*a - 7, 2*a + f + 3*f = 16. Suppose 3*y - 5*r - 2518 = 0, -2*y + 4*r + 3360 = a*y. Is y a composite number?
True
Suppose 3*x = 2*b - 3157, 2933 = 5*b + 4*x - 4902. Is b a prime number?
True
Suppose 19*w - 4*j + 184441 = 20*w, 4*w = -j + 737764. Is w a prime number?
True
Is (-3 - -5)/(202/46306177) a composite number?
False
Suppose 0 = 3*c - 3*z - 277395, 4*c = -19*z + 14*z + 369878. Is c prime?
True
Suppose 3*w - 16833 = -3*r, 4*r + 3*w + 7326 - 29762 = 0. Is r prime?
False
Let t(y) = 10848*y - 117. Let a be t(5). Suppose 5*h = 8*h - a. Is h a composite number?
False
Suppose 0 = 57*f - 65*f + 40. Suppose 2*y = -u + 1601, 5*y - 8*y = -f*u - 2382. Is y a prime number?
False
Suppose o - 6*o + 20 = 0. Suppose r = -2*k - 4, -r = 3*k + o - 0. Suppose 136 = 4*n - k*n. Is n a prime number?
False
Let p be (0 + 2/(-3))/((-54)/243). Suppose p*y = 5*u + 23, -5*y + 4*u = -6*y - 15. Is 11680/6 + 2 - y/(-3) a composite number?
False
Let f(h) = -h**2 - 3*h - 1. Let d be f(-2). Let c(v) = -v**3 + 4*v**2 + 12*v - 42. Let l be c(3). Is l + 1 + d + -12 + 1068 a composite number?
False
Let w be 2 + ((-435)/(-3))/5. Suppose -5*l - 27 = -h, 0 = -11*h + 6*h - l + w. Let x = h - -76. Is x prime?
True
Let v be (1/2)/((-28)/(-56)). Is 4625/1 - (0 + v - 3) prime?
False
Let g be ((-68)/6 + 12)*(-1 + 3427). Suppose 101420 + g = 24*y. Is y a prime number?
False
Suppose 0 = -153*d + 65*d + 8202785 + 818183. Is d composite?
True
Let y = -42052 - -71283. Is y composite?
False
Suppose f - 673564 = -4*w, -4716614 + 338448 = -26*w + f. Is w a composite number?
False
Suppose 4*b - 1386556 = 5*f, -2*b + 693278 = -f - 4*f. Is b composite?
False
Let a = -399 - -2772. Let p = -1618 + a. Let r = p + -516. Is r composite?
False
Suppose -124*m = -71*m - 37530307. Is m a composite number?
False
Suppose -13*m + 156178 = 939207. Is m/(-17) - (-6)/(-51) composite?
True
Suppose 5*n + 2*g + 104 = 0, -2*n + 0*n - 2*g = 44. Let s = n - -25. Suppose s*c - 38 = -3*k + 348, -k + 124 = -3*c. Is k a composite number?
False
Suppose 0 = -2*o - 5*v + 2074, 5*v - 1480 + 433 = -o. Let w = o - -28. Is w prime?
False
Suppose -4*t - 3*o = 0, 4*t - o - 20 + 4 = 0. Suppose t*z - 20*z + 527 = 0. Is z composite?
False
Let x be 8*-1*(0 + (-5)/5). Suppose -x*r + 4*k + 7559 = -3*r, -3*r + 5*k = -4538. Is r prime?
True
Let u(m) = -3 + m - 3*m + 5*m**2 + 18 - 11 - 6*m**3. Is u(-5) a composite number?
True
Let b = 36 + -33. Suppose -5*t - 3380 = b*k - 63640, 4*t - 48245 = 5*k. Is t composite?
True
Let o(t) = 28*t + 31. Let m be o(-1). Suppose 0 = 4*l + m*a - 8185, -122*l + 121*l = 4*a - 2043. Is l prime?
False
Let r = 18 + -20. Let p(i) = i + 2. Let l be p(r). Suppose q + o - 73 - 17 = l, 3*q - 260 = -5*o. Is q composite?
True
Suppose -4*g = -4*c + 732, -2*g + 4*c + 951 = -7*g. Let m = g + 79. Is (-168396)/m + (-4)/18 a composite number?
False
Let l(j) = j**3 + 4*j**2 - 22*j + 9. Let d be l(-7). Suppose -15*c - 24 = -d*c. Suppose -23*i = -c*i + 662. Is i a composite number?
True
Suppose 4*m = f + 17776 - 1874, 2*m - f - 7948 = 0. Is m prime?
False
Let h(x) be the second derivative of 467*x**3/6 + 121*x**2 - 14*x + 3. Is h(33) composite?
True
Let x = -182 - -185. Suppose 0 = 5*p + x + 12, -5*j + 6580 = 5*p. Is j prime?
True
Let c(v) = -123*v**2 - 16*v + 34. Let i(m) = -41*m**2 - 5*m + 11. Let k(u) = -4*c(u) + 11*i(u). Let d be k(5). Suppose -32*l = -27*l - d. Is l a prime number?
True
Let n(x) = 9*x**2 - 164*x - 761. Is n(-90) prime?
False
Let p(u) be the third derivative of u**5/30 + 25*u**4/12 - 31*u**3/6 - 91*u**2. Is p(17) a prime number?
False
Let b(x) = 389*x**2 - 3*x - 3. Let d = 476 - 482. Is b(d) prime?
False
Is (-8 + 162/(-2))/((-5)/155) a prime number?
False
Let a be (-450)/(-70) - 3/7. Suppose 4*r = 2*s + 2484, 4*r + a*s = 4*s + 2500. Is r prime?
False
Is (-2)/(-3) - (11322472/(-84) - (0 - 11)) a composite number?
True
Let y(r) = 2*r**2 + 12*r + 13. Let d be y(-9). Suppose d - 83 = -4*m. Suppose 4*l + 214 = z - 0*l, 0 = 4*z + m*l - 796. Is z a prime number?
False
Is 104484 - 0 - (-952)/(-136) prime?
False
Let w = -46 - -16. Is (-27566)/w - 58/(-435) prime?
True
Suppose 9*w - 10*w + 11502 = 0. Let q = w + -8095. Is q composite?
False
Suppose -25662869 + 4702545 = 38*u - 82*u. Is u a prime number?
False
Let v be ((-76)/18 - -4) + 40/18. Suppose -4*x + 67487 = o, -v*x - 4*o + 33754 = -0*o